{"id":723,"date":"2024-01-15T15:41:42","date_gmt":"2024-01-15T15:41:42","guid":{"rendered":"https:\/\/rkf7.com.br\/?page_id=723"},"modified":"2024-01-15T16:39:34","modified_gmt":"2024-01-15T16:39:34","slug":"politica-de-privacidade","status":"publish","type":"page","link":"https:\/\/rkf7.com.br\/index.php\/politica-de-privacidade\/","title":{"rendered":""},"content":{"rendered":"\t\t<div data-elementor-type=\"wp-page\" data-elementor-id=\"723\" class=\"elementor elementor-723\" data-elementor-post-type=\"page\">\n\t\t\t\t\t\t<section class=\"elementor-section elementor-top-section elementor-element elementor-element-1a23bd8 elementor-section-boxed elementor-section-height-default elementor-section-height-default\" data-id=\"1a23bd8\" data-element_type=\"section\">\n\t\t\t\t\t\t<div class=\"elementor-container elementor-column-gap-default\">\n\t\t\t\t\t<div class=\"elementor-column elementor-col-100 elementor-top-column elementor-element elementor-element-671a41e\" data-id=\"671a41e\" data-element_type=\"column\">\n\t\t\t<div class=\"elementor-widget-wrap elementor-element-populated\">\n\t\t\t\t\t\t<div class=\"elementor-element elementor-element-051982c elementor-widget elementor-widget-image\" data-id=\"051982c\" data-element_type=\"widget\" data-widget_type=\"image.default\">\n\t\t\t\t<div class=\"elementor-widget-container\">\n\t\t\t\t\t\t\t\t\t\t\t\t\t\t\t<img fetchpriority=\"high\" decoding=\"async\" width=\"1024\" height=\"576\" src=\"https:\/\/rkf7.com.br\/wp-content\/uploads\/2023\/09\/LOGO-MYLIFE-1024x576.png\" class=\"attachment-large size-large wp-image-311\" alt=\"\" \/>\t\t\t\t\t\t\t\t\t\t\t\t\t\t\t<\/div>\n\t\t\t\t<\/div>\n\t\t\t\t<div class=\"elementor-element elementor-element-4145b50 elementor-widget elementor-widget-image\" data-id=\"4145b50\" data-element_type=\"widget\" data-widget_type=\"image.default\">\n\t\t\t\t<div class=\"elementor-widget-container\">\n\t\t\t\t\t\t\t\t\t\t\t\t\t\t\t<img decoding=\"async\" width=\"490\" height=\"245\" src=\"https:\/\/rkf7.com.br\/wp-content\/uploads\/2024\/01\/politica-de-pravacidade.webp\" class=\"attachment-large size-large wp-image-736\" alt=\"\" \/>\t\t\t\t\t\t\t\t\t\t\t\t\t\t\t<\/div>\n\t\t\t\t<\/div>\n\t\t\t\t\t<\/div>\n\t\t<\/div>\n\t\t\t\t\t<\/div>\n\t\t<\/section>\n\t\t\t\t<section class=\"elementor-section elementor-top-section elementor-element elementor-element-094ecac elementor-section-full_width elementor-section-height-default elementor-section-height-default\" data-id=\"094ecac\" data-element_type=\"section\">\n\t\t\t\t\t\t<div class=\"elementor-container elementor-column-gap-default\">\n\t\t\t\t\t<div class=\"elementor-column elementor-col-100 elementor-top-column elementor-element elementor-element-b0c903f\" data-id=\"b0c903f\" data-element_type=\"column\">\n\t\t\t<div class=\"elementor-widget-wrap\">\n\t\t\t\t\t\t\t<\/div>\n\t\t<\/div>\n\t\t\t\t\t<\/div>\n\t\t<\/section>\n\t\t\t\t<section class=\"elementor-section elementor-top-section elementor-element elementor-element-649ad881 elementor-section-boxed elementor-section-height-default elementor-section-height-default\" data-id=\"649ad881\" data-element_type=\"section\">\n\t\t\t\t\t\t<div class=\"elementor-container elementor-column-gap-default\">\n\t\t\t\t\t<div class=\"elementor-column elementor-col-100 elementor-top-column elementor-element elementor-element-204ceaf0\" data-id=\"204ceaf0\" data-element_type=\"column\">\n\t\t\t<div class=\"elementor-widget-wrap elementor-element-populated\">\n\t\t\t\t\t\t<div class=\"elementor-element elementor-element-3d41398c elementor-widget elementor-widget-text-editor\" data-id=\"3d41398c\" data-element_type=\"widget\" data-widget_type=\"text-editor.default\">\n\t\t\t\t<div class=\"elementor-widget-container\">\n\t\t\t\t\t\t\t\t\t\n<h3 class=\"wp-block-heading\"><strong>LGPD \u2013 Pol\u00edtica De Privacidade E Prote\u00e7\u00e3o De Dados:<\/strong><\/h3>\n\n<p>Em cumprimento \u00e0 Lei Geral de Prote\u00e7\u00e3o de Dados Pessoais \u2013 LGP<strong>D (com a reda\u00e7\u00e3o dada pela Lei n\u00ba 13.853\/ 2019)<\/strong>, o\u00a0<strong>CONTRATADO<\/strong>\u00a0se obriga a respeitar a privacidade do<strong>\u00a0CONTRATANTE<\/strong>, comprometendo-se a proteger e manter em sigilo todos os dados pessoais fornecidos pelo mesmo em fun\u00e7\u00e3o deste contrato, salvo os casos em que seja obrigado, por autoridades p\u00fablicas, a revelar tais informa\u00e7\u00f5es a terceiros. Nos termos dos arts.\u00a0<strong>7\u00b0, VI, da LGPD, o CONTRATADO<\/strong>\u00a0est\u00e1 autorizado a realizar o tratamento de dados pessoais do\u00a0<strong>CONTRATANTE<\/strong>\u00a0e, com base no art.\u00a0<strong>10\u00b0, I,<\/strong>\u00a0da\u00a0<strong>LGPD<\/strong>, ostenta leg\u00edtimo interesse em armazenar, acessar, avaliar, modificar, transferir e comunicar, sob qualquer forma e por tempo indeterminado, todas e quaisquer pe\u00e7as processuais, contratos, e-mails, cartas e demais documenta\u00e7\u00f5es relativas ao objeto desta contrata\u00e7\u00e3o, sempre respeitando os limites previstos no\u00a0<strong>Art. 11 em seu paragrafo 5\u00ba<\/strong>. Tal opera\u00e7\u00e3o de tratamento de dados \u00e9 e sempre ser\u00e1 realizada unicamente em apoio e promo\u00e7\u00e3o \u00e0 presta\u00e7\u00e3o de servi\u00e7os de planos de sa\u00fade ou odontol\u00f3gico pelo\u00a0<strong>CONTRATADO.<\/strong><\/p>\n\n<h3 class=\"wp-block-heading\">\u00a0<\/h3>\n<h3 class=\"wp-block-heading\"><strong>Prote\u00e7\u00e3o De Dados Pessoais.<\/strong><\/h3>\n\n<p>As Partes dever\u00e3o cumprir toda a legisla\u00e7\u00e3o aplic\u00e1vel sobre prote\u00e7\u00e3o de dados pessoais, inclusive (sempre e quando aplic\u00e1veis) a Constitui\u00e7\u00e3o Federal, o C\u00f3digo de Defesa do Consumidor, o C\u00f3digo Civil, o Marco Civil da Internet\u00a0<strong>(Lei n\u00ba 12.965\/2014)<\/strong>, seu decreto regulamentador\u00a0<strong>(Decreto 8.771\/2016), a Lei Geral de Prote\u00e7\u00e3o de Dados Pessoais \u2013 LGPD (Lei n\u00ba 13.709\/2018)<\/strong>, e demais normas setoriais ou gerais sobre o tema.<\/p>\n\n<h3 class=\"wp-block-heading\">\u00a0<\/h3>\n<h3 class=\"wp-block-heading\"><strong>Pol\u00edtica De Privacidade Do Site MyLife<\/strong><\/h3>\n\n<p>O site da\u00a0<strong>MyLife<\/strong>\u00a0preocupa-se com a privacidade e a seguran\u00e7a de todos aqueles que o visitam e garante a prote\u00e7\u00e3o da privacidade das informa\u00e7\u00f5es pessoais coletadas durante a navega\u00e7\u00e3o por suas p\u00e1ginas. Esta pol\u00edtica de privacidade tem o objetivo de esclarecer o p\u00fablico de maneira clara e transparente, como s\u00e3o utilizadas as informa\u00e7\u00f5es obtidas.<\/p>\n<p>\u00a0<\/p>\n\n<h3 class=\"wp-block-heading\"><strong> Que tipo de informa\u00e7\u00f5es obtemos:<\/strong><\/h3>\n<p>As informa\u00e7\u00f5es solicitadas aos usu\u00e1rios restringem-se apenas \u00e0s necess\u00e1rias \u00e0 manuten\u00e7\u00e3o e ao aprimoramento dos servi\u00e7os prestados, tais como: nome, e-mail, telefone, n\u00famero da carteira de identifica\u00e7\u00e3o da <strong>MyLife<\/strong>. Elas s\u00e3o utilizadas com o objetivo de personalizar os conte\u00fados de acordo com o perfil do internauta e suas necessidades, facilitando o acesso aos servi\u00e7os de seu interesse.<br \/>Todas as informa\u00e7\u00f5es s\u00e3o fornecidas voluntariamente pelo usu\u00e1rio e s\u00e3o coletadas em diferentes \u00e1reas sob a forma de: cadastro de identifica\u00e7\u00e3o de acesso ao portal, e-mails e formul\u00e1rios.<\/p>\n\n<p>\u00a0<\/p>\n<h3 class=\"wp-block-heading\"><strong>Como S\u00e3o as informa\u00e7\u00f5es obtidas e com quem as suas informa\u00e7\u00f5es podem ser compartilhadas:<\/strong><\/h3>\n<p>As informa\u00e7\u00f5es fornecidas s\u00e3o enviadas apenas ao Grupo <strong><strong>MyLife<\/strong><\/strong>, a n\u00e3o ser que expressamente autorizado pelo usu\u00e1rio de forma diversa. N\u00e3o fornecemos dados pessoais dos internautas a parceiros, patrocinadores, anunciantes e outros sites acessados atrav\u00e9s de links presentes no site da\u00a0<strong>MyLife<\/strong>, o que o exime de qualquer responsabilidade pela utiliza\u00e7\u00e3o das informa\u00e7\u00f5es pessoais prestadas.<\/p>\n\n<p>Apenas os dados dos usu\u00e1rios j\u00e1 agrupados, resultantes de levantamentos estat\u00edsticos poder\u00e3o ser usados e divulgados com finalidade de exprimir de modo global as caracter\u00edsticas qualitativas e quantitativas gerais do p\u00fablico que frequenta o site da\u00a0<strong><strong>MyLife<\/strong><\/strong>. Nenhuma informa\u00e7\u00e3o pessoal \u00e9 comercializada. Resumidamente, as informa\u00e7\u00f5es fornecidas s\u00e3o utilizadas para:<br \/>\u2013 Personalizar os conte\u00fados e servi\u00e7os dispon\u00edveis no site da\u00a0<strong><strong>MyLife<\/strong><\/strong>;<br \/>\u2013 Consolidar estat\u00edsticas;<br \/>\u2013 Desenvolver novos produtos, servi\u00e7os, se\u00e7\u00f5es, ou aperfei\u00e7oar as j\u00e1 existentes.<\/p>\n\n<p>\u00a0<\/p>\n<h3 class=\"wp-block-heading\"><strong>Os (Cookies) e a sua utilidade:<\/strong><\/h3>\n<p>\u201cCookies\u201d s\u00e3o pequenos arquivos de texto coletados durante a navega\u00e7\u00e3o na Internet. Esses arquivos ficam gravados no computador do usu\u00e1rio e podem ser recuperados pelo site que o enviou durante a navega\u00e7\u00e3o. Utilizamos \u201ccookies\u201d para controle interno de audi\u00eancia, com objetivo de facilitar o acesso daqueles que j\u00e1 tiverem navegado site da <strong><strong>MyLife<\/strong><\/strong>\u00a0em outra oportunidade.<br \/>O navegador utilizado pelo usu\u00e1rio para acessar a Internet pode estar programado para n\u00e3o aceitar \u201ccookies\u201d, portanto, caso n\u00e3o deseje compartilhar cookies ele poder\u00e1 programar seu computador para recus\u00e1-los. \u00c9 importante salientar, no entanto, que o bloqueio de \u201ccookies\u201d pode dificultar o acesso a determinadas se\u00e7\u00f5es.<\/p>\n\n<p>\u00a0<\/p>\n<h3 class=\"wp-block-heading\"><strong>Pol\u00edtica de Seguran\u00e7a:<\/strong><\/h3>\n<p>O site da\u00a0<strong><strong>MyLife<\/strong><\/strong>\u00a0utiliza medidas tecnol\u00f3gicas de ponta a fim de assegurar a privacidade das informa\u00e7\u00f5es pessoais fornecidas pelo cliente. Essa tecnologia \u00e9 capaz de proteger os dados fornecidos, evitando a perda, o uso indevido, as poss\u00edveis altera\u00e7\u00f5es e o acesso n\u00e3o autorizado.<br \/>Periodicamente, avaliamos os procedimentos de seguran\u00e7a e privacidade adotados, buscando proteger as suas informa\u00e7\u00f5es pessoais. Algumas \u00e1reas s\u00e3o\u00a0<strong>criptografadas (codificadas),<\/strong>\u00a0sendo acessadas somente atrav\u00e9s de senha pessoal decodificada dentro da sua pr\u00f3pria m\u00e1quina e todas as \u00e1reas restritas possuem certificado digital de seguran\u00e7a.<br \/>Apesar da ado\u00e7\u00e3o de todas estas medidas, n\u00e3o \u00e9 poss\u00edvel garantir 100% de seguran\u00e7a nas transmiss\u00f5es via Internet, assim sendo, trata-se de uma decis\u00e3o pessoal o fornecimento de dados pessoais.<\/p>\n\n<h3>\u00a0<\/h3>\n<h3 class=\"wp-block-heading\"><strong>A privacidade das crian\u00e7as<\/strong><\/h3>\n<p>O site da <strong><strong>MyLife<\/strong><\/strong>\u00a0recomenda que o acesso a internet para os menores de idade seja supervisionado ativamente pelos pais ou respons\u00e1veis, para que as informa\u00e7\u00f5es ali obtidas possam resultar em crescimento de sua forma\u00e7\u00e3o cultural e \u00e9tica, assim como para que estejam protegidas do ponto de vista pessoal no que se refere ao fornecimento de informa\u00e7\u00f5es de car\u00e1ter pessoal. Com estes objetivos, site da <strong>MyLife<\/strong> adotou as seguintes medidas especiais para proteger a privacidade de seus usu\u00e1rios menores de 18 anos:<br \/>\u2013 Os menores de 18 anos n\u00e3o dever\u00e3o remeter ao site da <strong>MyLife<\/strong> nenhum tipo de informa\u00e7\u00e3o pessoal sem o consentimento pr\u00e9vio de seus pais ou representantes;<br \/>\u2013 Os usu\u00e1rios menores de 18 anos n\u00e3o poder\u00e3o estar registrados site da <strong>MyLife<\/strong> por sua pr\u00f3pria conta e s\u00f3 poder\u00e3o ser registrados por seus pais ou tutores;<br \/>\u2013 Nenhum tipo de informa\u00e7\u00e3o pessoal sobre menores de 18 anos ser\u00e1 utilizada pelo site da <strong>MyLife<\/strong> com fins promocionais ou de marketing, dentro ou fora do portal.<\/p>\n\n<p>\u00a0<\/p>\n<h3 class=\"wp-block-heading\"><strong>Outras informa\u00e7\u00f5es sobre privacidade na internet:<\/strong><\/h3>\n<p>\u2013 Como podem ser realizadas altera\u00e7\u00f5es na Pol\u00edtica de Privacidade do site da <strong>MyLife<\/strong>, recomendamos uma leitura peri\u00f3dica da mesma;<br \/>\u2013 \u00c9 recomend\u00e1vel que n\u00e3o sejam fornecidas as senhas pessoais de acesso a \u00e1reas restritas a terceiros e que senhas que possam ser facilmente descobertas sejam evitadas;<br \/>\u2013 As mensagens via e-mail s\u00e3o feitas apenas \u00e0queles que voluntariamente tiverem fornecido seu endere\u00e7o eletr\u00f4nico e poder\u00e3o ser interrompidas por solicita\u00e7\u00e3o do usu\u00e1rio.<\/p>\n\n<p>D\u00favidas, esclarecimentos adicionais ou sugest\u00f5es podem ser enviadas para o\u00a0<strong>e-mail: <a href=\"mailto:contato@rkf7.com.br\" target=\"_blank\" rel=\"noopener\"><em>contato@<strong>mylife<\/strong>.com.br<\/em><\/a><\/strong><\/p>\n\t\t\t\t\t\t\t\t<\/div>\n\t\t\t\t<\/div>\n\t\t\t\t\t<\/div>\n\t\t<\/div>\n\t\t\t\t\t<\/div>\n\t\t<\/section>\n\t\t\t\t<\/div>\n\t\t","protected":false},"excerpt":{"rendered":"<p>LGPD \u2013 Pol\u00edtica De Privacidade E Prote\u00e7\u00e3o De Dados: Em cumprimento \u00e0 Lei Geral de Prote\u00e7\u00e3o de Dados Pessoais \u2013 LGPD (com a reda\u00e7\u00e3o dada pela Lei n\u00ba 13.853\/ 2019), o\u00a0CONTRATADO\u00a0se obriga a respeitar a privacidade do\u00a0CONTRATANTE, comprometendo-se a proteger e manter em sigilo todos os dados pessoais fornecidos pelo mesmo em fun\u00e7\u00e3o deste contrato, [&hellip;]<\/p>\n","protected":false},"author":4,"featured_media":0,"parent":0,"menu_order":0,"comment_status":"closed","ping_status":"closed","template":"","meta":{"site-sidebar-layout":"default","site-content-layout":"","ast-site-content-layout":"","site-content-style":"default","site-sidebar-style":"default","ast-global-header-display":"","ast-banner-title-visibility":"","ast-main-header-display":"","ast-hfb-above-header-display":"","ast-hfb-below-header-display":"","ast-hfb-mobile-header-display":"","site-post-title":"","ast-breadcrumbs-content":"","ast-featured-img":"","footer-sml-layout":"","theme-transparent-header-meta":"","adv-header-id-meta":"","stick-header-meta":"","header-above-stick-meta":"","header-main-stick-meta":"","header-below-stick-meta":"","astra-migrate-meta-layouts":"default","ast-page-background-enabled":"default","ast-page-background-meta":{"desktop":{"background-color":"var(--ast-global-color-4)","background-image":"","background-repeat":"repeat","background-position":"center center","background-size":"auto","background-attachment":"scroll","background-type":"","background-media":"","overlay-type":"","overlay-color":"","overlay-opacity":"","overlay-gradient":""},"tablet":{"background-color":"","background-image":"","background-repeat":"repeat","background-position":"center center","background-size":"auto","background-attachment":"scroll","background-type":"","background-media":"","overlay-type":"","overlay-color":"","overlay-opacity":"","overlay-gradient":""},"mobile":{"background-color":"","background-image":"","background-repeat":"repeat","background-position":"center center","background-size":"auto","background-attachment":"scroll","background-type":"","background-media":"","overlay-type":"","overlay-color":"","overlay-opacity":"","overlay-gradient":""}},"ast-content-background-meta":{"desktop":{"background-color":"var(--ast-global-color-5)","background-image":"","background-repeat":"repeat","background-position":"center center","background-size":"auto","background-attachment":"scroll","background-type":"","background-media":"","overlay-type":"","overlay-color":"","overlay-opacity":"","overlay-gradient":""},"tablet":{"background-color":"var(--ast-global-color-5)","background-image":"","background-repeat":"repeat","background-position":"center center","background-size":"auto","background-attachment":"scroll","background-type":"","background-media":"","overlay-type":"","overlay-color":"","overlay-opacity":"","overlay-gradient":""},"mobile":{"background-color":"var(--ast-global-color-5)","background-image":"","background-repeat":"repeat","background-position":"center center","background-size":"auto","background-attachment":"scroll","background-type":"","background-media":"","overlay-type":"","overlay-color":"","overlay-opacity":"","overlay-gradient":""}},"footnotes":""},"class_list":["post-723","page","type-page","status-publish","hentry"],"rttpg_featured_image_url":null,"rttpg_author":{"display_name":"AdmMylife","author_link":"https:\/\/rkf7.com.br\/index.php\/author\/alexandremylifecorretora-com-br\/"},"rttpg_comment":0,"rttpg_category":null,"rttpg_excerpt":"LGPD \u2013 Pol\u00edtica De Privacidade E Prote\u00e7\u00e3o De Dados: Em cumprimento \u00e0 Lei Geral de Prote\u00e7\u00e3o de Dados Pessoais \u2013 LGPD (com a reda\u00e7\u00e3o dada pela Lei n\u00ba 13.853\/ 2019), o\u00a0CONTRATADO\u00a0se obriga a respeitar a privacidade do\u00a0CONTRATANTE, comprometendo-se a proteger e manter em sigilo todos os dados pessoais fornecidos pelo mesmo em fun\u00e7\u00e3o deste contrato,&hellip;","_links":{"self":[{"href":"https:\/\/rkf7.com.br\/index.php\/wp-json\/wp\/v2\/pages\/723","targetHints":{"allow":["GET"]}}],"collection":[{"href":"https:\/\/rkf7.com.br\/index.php\/wp-json\/wp\/v2\/pages"}],"about":[{"href":"https:\/\/rkf7.com.br\/index.php\/wp-json\/wp\/v2\/types\/page"}],"author":[{"embeddable":true,"href":"https:\/\/rkf7.com.br\/index.php\/wp-json\/wp\/v2\/users\/4"}],"replies":[{"embeddable":true,"href":"https:\/\/rkf7.com.br\/index.php\/wp-json\/wp\/v2\/comments?post=723"}],"version-history":[{"count":11,"href":"https:\/\/rkf7.com.br\/index.php\/wp-json\/wp\/v2\/pages\/723\/revisions"}],"predecessor-version":[{"id":748,"href":"https:\/\/rkf7.com.br\/index.php\/wp-json\/wp\/v2\/pages\/723\/revisions\/748"}],"wp:attachment":[{"href":"https:\/\/rkf7.com.br\/index.php\/wp-json\/wp\/v2\/media?parent=723"}],"curies":[{"name":"wp","href":"https:\/\/api.w.org\/{rel}","templated":true}]}}